{"id":25663,"date":"2017-02-03T16:28:12","date_gmt":"2017-02-03T16:28:12","guid":{"rendered":"http:\/\/s440167893.mialojamiento.es\/blog\/?page_id=25663"},"modified":"2020-01-10T08:00:02","modified_gmt":"2020-01-10T08:00:02","slug":"inicio","status":"publish","type":"page","link":"https:\/\/eddm.es\/blog-ingenius\/","title":{"rendered":"INICIO"},"content":{"rendered":"\n[et_pb_section fb_built=\u00bb1&#8243; fullwidth=\u00bbon\u00bb _builder_version=\u00bb3.22.5&#8243; custom_padding=\u00bb||0px|\u00bb][et_pb_fullwidth_post_slider posts_number=\u00bb4&#8243; include_categories=\u00bb7,6,8,5&#8243; orderby=\u00bbrand\u00bb show_pagination=\u00bboff\u00bb more_text=\u00bbLEER EL POST\u00bb use_manual_excerpt=\u00bboff\u00bb excerpt_length=\u00bb220&#8243; show_meta=\u00bboff\u00bb use_text_overlay=\u00bboff\u00bb _builder_version=\u00bb3.22.5&#8243; header_font=\u00bbMontserrat|300||on|||||\u00bb header_text_align=\u00bbcenter\u00bb header_font_size=\u00bb35&#8243; header_line_height=\u00bb1.6em\u00bb body_font=\u00bbOpen Sans||||||||\u00bb body_text_align=\u00bbcenter\u00bb body_font_size=\u00bb15px\u00bb body_line_height=\u00bb1.3em\u00bb background_color=\u00bb#dbdbdb\u00bb custom_button=\u00bbon\u00bb button_text_size=\u00bb14&#8243; button_text_color=\u00bb#ffffff\u00bb button_bg_color=\u00bbrgba(255,255,255,0.51)\u00bb button_letter_spacing=\u00bb1px\u00bb button_font=\u00bbMontserrat||||||||\u00bb box_shadow_style=\u00bbpreset6&#8243; box_shadow_blur=\u00bb10px\u00bb box_shadow_color=\u00bbrgba(0,0,0,0.1)\u00bb hover_enabled=\u00bb0&#8243; custom_css_slide_description=\u00bbwidth: 80%||\u00bb button_border_color_hover=\u00bb#ffffff\u00bb button_border_radius_hover=\u00bb0&#8243; button_letter_spacing_hover=\u00bb1&#8243; button_bg_color_hover=\u00bbrgba(255,255,255,0.3)\u00bb button_text_size__hover_enabled=\u00bboff\u00bb button_one_text_size__hover_enabled=\u00bboff\u00bb button_two_text_size__hover_enabled=\u00bboff\u00bb button_text_color__hover_enabled=\u00bboff\u00bb button_one_text_color__hover_enabled=\u00bboff\u00bb button_two_text_color__hover_enabled=\u00bboff\u00bb button_border_width__hover_enabled=\u00bboff\u00bb button_one_border_width__hover_enabled=\u00bboff\u00bb button_two_border_width__hover_enabled=\u00bboff\u00bb button_border_color__hover_enabled=\u00bbon\u00bb button_border_color__hover=\u00bb#ffffff\u00bb button_one_border_color__hover_enabled=\u00bboff\u00bb button_two_border_color__hover_enabled=\u00bboff\u00bb button_border_radius__hover_enabled=\u00bbon\u00bb button_border_radius__hover=\u00bb0&#8243; button_one_border_radius__hover_enabled=\u00bboff\u00bb button_two_border_radius__hover_enabled=\u00bboff\u00bb button_letter_spacing__hover_enabled=\u00bbon\u00bb button_letter_spacing__hover=\u00bb1&#8243; button_one_letter_spacing__hover_enabled=\u00bboff\u00bb button_two_letter_spacing__hover_enabled=\u00bboff\u00bb button_bg_color__hover_enabled=\u00bbon\u00bb button_bg_color__hover=\u00bbrgba(255,255,255,0.3)\u00bb button_one_bg_color__hover_enabled=\u00bboff\u00bb button_two_bg_color__hover_enabled=\u00bboff\u00bb header_letter_spacing=\u00bb1px\u00bb button_border_width=\u00bb0px\u00bb button_border_color=\u00bb#e4e4e4&#8243; button_border_radius=\u00bb0px\u00bb bg_overlay_color=\u00bbrgba(0,0,0,0.29)\u00bb]&nbsp;\r[\/et_pb_fullwidth_post_slider][\/et_pb_section][et_pb_section fb_built=\u00bb1&#8243; specialty=\u00bbon\u00bb _builder_version=\u00bb3.22.5&#8243; min_height=\u00bb3295px\u00bb][et_pb_column type=\u00bb3_4&#8243; specialty_columns=\u00bb3&#8243; _builder_version=\u00bb3.0.47&#8243;][et_pb_row_inner _builder_version=\u00bb3.22.5&#8243;][et_pb_column_inner type=\u00bb4_4&#8243; saved_specialty_column_type=\u00bb3_4&#8243; _builder_version=\u00bb3.0.47&#8243;][et_pb_blog fullwidth=\u00bboff\u00bb include_categories=\u00bb7,6,8,5&#8243; show_author=\u00bboff\u00bb _builder_version=\u00bb3.22.5&#8243; pagination_font=\u00bb|||on|||||\u00bb pagination_text_color=\u00bb#999999&#8243; border_width_all=\u00bb0px\u00bb border_width_bottom=\u00bb1px\u00bb header_font=\u00bbMontserrat||||||||\u00bb header_font_size=\u00bb19px\u00bb][\/et_pb_blog][\/et_pb_column_inner][\/et_pb_row_inner][\/et_pb_column][et_pb_column type=\u00bb1_4&#8243; _builder_version=\u00bb3.0.47&#8243;][et_pb_sidebar _builder_version=\u00bb3.22.5&#8243;][\/et_pb_sidebar][\/et_pb_column][\/et_pb_section]\n","protected":false},"excerpt":{"rendered":"","protected":false},"author":1,"featured_media":0,"parent":0,"menu_order":0,"comment_status":"closed","ping_status":"closed","template":"","meta":{"_et_pb_use_builder":"on","_et_pb_old_content":"","_et_gb_content_width":""},"yoast_head":"<!-- This site is optimized with the Yoast SEO plugin v18.0 - https:\/\/yoast.com\/wordpress\/plugins\/seo\/ -->\n<title>BLOG INGENIUS by EDDM Training &amp; Solutions<\/title>\n<meta name=\"description\" content=\"Un blog para entusiastas de las nuevas tecnolog\u00edas 4.0, fabricaci\u00f3n aditiva e impresi\u00f3n 3D profesional, el estudio de materiales y la ingenier\u00eda mec\u00e1nica y aeron\u00e1utica.\" \/>\n<meta name=\"robots\" content=\"index, follow, max-snippet:-1, max-image-preview:large, max-video-preview:-1\" \/>\n<link rel=\"canonical\" href=\"https:\/\/eddm.es\/blog-ingenius\/\" \/>\n<meta property=\"og:locale\" content=\"es_ES\" \/>\n<meta property=\"og:type\" content=\"article\" \/>\n<meta property=\"og:title\" content=\"BLOG INGENIUS by EDDM Training &amp; Solutions\" \/>\n<meta property=\"og:description\" content=\"Un blog para entusiastas de las nuevas tecnolog\u00edas 4.0, fabricaci\u00f3n aditiva e impresi\u00f3n 3D profesional, el estudio de materiales y la ingenier\u00eda mec\u00e1nica y aeron\u00e1utica.\" \/>\n<meta property=\"og:url\" content=\"https:\/\/eddm.es\/blog-ingenius\/\" \/>\n<meta property=\"og:site_name\" content=\"Blog Ingenius\" \/>\n<meta property=\"article:publisher\" content=\"https:\/\/www.facebook.com\/Blog-Ingenius-642628265932015\/\" \/>\n<meta property=\"article:modified_time\" content=\"2020-01-10T08:00:02+00:00\" \/>\n<meta name=\"twitter:card\" content=\"summary_large_image\" \/>\n<meta name=\"twitter:site\" content=\"@EDDMTraining\" \/>\n<meta name=\"twitter:label1\" content=\"Tiempo de lectura\" \/>\n\t<meta name=\"twitter:data1\" content=\"2 minutos\" \/>\n<script type=\"application\/ld+json\" class=\"yoast-schema-graph\">{\"@context\":\"https:\/\/schema.org\",\"@graph\":[{\"@type\":\"WebSite\",\"@id\":\"https:\/\/eddm.es\/blog-ingenius\/#website\",\"url\":\"https:\/\/eddm.es\/blog-ingenius\/\",\"name\":\"Blog Ingenius\",\"description\":\"Blog para entusiastas de las nuevas tecnolog\u00edas en impresi\u00f3n 3D, fabricaci\u00f3n aditiva e ingenier\u00eda\",\"potentialAction\":[{\"@type\":\"SearchAction\",\"target\":{\"@type\":\"EntryPoint\",\"urlTemplate\":\"https:\/\/eddm.es\/blog-ingenius\/?s={search_term_string}\"},\"query-input\":\"required name=search_term_string\"}],\"inLanguage\":\"es\"},{\"@type\":\"WebPage\",\"@id\":\"https:\/\/eddm.es\/blog-ingenius\/#webpage\",\"url\":\"https:\/\/eddm.es\/blog-ingenius\/\",\"name\":\"BLOG INGENIUS by EDDM Training & Solutions\",\"isPartOf\":{\"@id\":\"https:\/\/eddm.es\/blog-ingenius\/#website\"},\"datePublished\":\"2017-02-03T16:28:12+00:00\",\"dateModified\":\"2020-01-10T08:00:02+00:00\",\"description\":\"Un blog para entusiastas de las nuevas tecnolog\u00edas 4.0, fabricaci\u00f3n aditiva e impresi\u00f3n 3D profesional, el estudio de materiales y la ingenier\u00eda mec\u00e1nica y aeron\u00e1utica.\",\"breadcrumb\":{\"@id\":\"https:\/\/eddm.es\/blog-ingenius\/#breadcrumb\"},\"inLanguage\":\"es\",\"potentialAction\":[{\"@type\":\"ReadAction\",\"target\":[\"https:\/\/eddm.es\/blog-ingenius\/\"]}]},{\"@type\":\"BreadcrumbList\",\"@id\":\"https:\/\/eddm.es\/blog-ingenius\/#breadcrumb\",\"itemListElement\":[{\"@type\":\"ListItem\",\"position\":1,\"name\":\"Portada\",\"item\":\"https:\/\/eddm.es\/blog-ingenius\/\"},{\"@type\":\"ListItem\",\"position\":2,\"name\":\"INICIO\"}]}]}<\/script>\n<!-- \/ Yoast SEO plugin. -->","yoast_head_json":{"title":"BLOG INGENIUS by EDDM Training & Solutions","description":"Un blog para entusiastas de las nuevas tecnolog\u00edas 4.0, fabricaci\u00f3n aditiva e impresi\u00f3n 3D profesional, el estudio de materiales y la ingenier\u00eda mec\u00e1nica y aeron\u00e1utica.","robots":{"index":"index","follow":"follow","max-snippet":"max-snippet:-1","max-image-preview":"max-image-preview:large","max-video-preview":"max-video-preview:-1"},"canonical":"https:\/\/eddm.es\/blog-ingenius\/","og_locale":"es_ES","og_type":"article","og_title":"BLOG INGENIUS by EDDM Training & Solutions","og_description":"Un blog para entusiastas de las nuevas tecnolog\u00edas 4.0, fabricaci\u00f3n aditiva e impresi\u00f3n 3D profesional, el estudio de materiales y la ingenier\u00eda mec\u00e1nica y aeron\u00e1utica.","og_url":"https:\/\/eddm.es\/blog-ingenius\/","og_site_name":"Blog Ingenius","article_publisher":"https:\/\/www.facebook.com\/Blog-Ingenius-642628265932015\/","article_modified_time":"2020-01-10T08:00:02+00:00","twitter_card":"summary_large_image","twitter_site":"@EDDMTraining","twitter_misc":{"Tiempo de lectura":"2 minutos"},"schema":{"@context":"https:\/\/schema.org","@graph":[{"@type":"WebSite","@id":"https:\/\/eddm.es\/blog-ingenius\/#website","url":"https:\/\/eddm.es\/blog-ingenius\/","name":"Blog Ingenius","description":"Blog para entusiastas de las nuevas tecnolog\u00edas en impresi\u00f3n 3D, fabricaci\u00f3n aditiva e ingenier\u00eda","potentialAction":[{"@type":"SearchAction","target":{"@type":"EntryPoint","urlTemplate":"https:\/\/eddm.es\/blog-ingenius\/?s={search_term_string}"},"query-input":"required name=search_term_string"}],"inLanguage":"es"},{"@type":"WebPage","@id":"https:\/\/eddm.es\/blog-ingenius\/#webpage","url":"https:\/\/eddm.es\/blog-ingenius\/","name":"BLOG INGENIUS by EDDM Training & Solutions","isPartOf":{"@id":"https:\/\/eddm.es\/blog-ingenius\/#website"},"datePublished":"2017-02-03T16:28:12+00:00","dateModified":"2020-01-10T08:00:02+00:00","description":"Un blog para entusiastas de las nuevas tecnolog\u00edas 4.0, fabricaci\u00f3n aditiva e impresi\u00f3n 3D profesional, el estudio de materiales y la ingenier\u00eda mec\u00e1nica y aeron\u00e1utica.","breadcrumb":{"@id":"https:\/\/eddm.es\/blog-ingenius\/#breadcrumb"},"inLanguage":"es","potentialAction":[{"@type":"ReadAction","target":["https:\/\/eddm.es\/blog-ingenius\/"]}]},{"@type":"BreadcrumbList","@id":"https:\/\/eddm.es\/blog-ingenius\/#breadcrumb","itemListElement":[{"@type":"ListItem","position":1,"name":"Portada","item":"https:\/\/eddm.es\/blog-ingenius\/"},{"@type":"ListItem","position":2,"name":"INICIO"}]}]}},"_links":{"self":[{"href":"https:\/\/eddm.es\/blog-ingenius\/wp-json\/wp\/v2\/pages\/25663"}],"collection":[{"href":"https:\/\/eddm.es\/blog-ingenius\/wp-json\/wp\/v2\/pages"}],"about":[{"href":"https:\/\/eddm.es\/blog-ingenius\/wp-json\/wp\/v2\/types\/page"}],"author":[{"embeddable":true,"href":"https:\/\/eddm.es\/blog-ingenius\/wp-json\/wp\/v2\/users\/1"}],"replies":[{"embeddable":true,"href":"https:\/\/eddm.es\/blog-ingenius\/wp-json\/wp\/v2\/comments?post=25663"}],"version-history":[{"count":4,"href":"https:\/\/eddm.es\/blog-ingenius\/wp-json\/wp\/v2\/pages\/25663\/revisions"}],"predecessor-version":[{"id":28328,"href":"https:\/\/eddm.es\/blog-ingenius\/wp-json\/wp\/v2\/pages\/25663\/revisions\/28328"}],"wp:attachment":[{"href":"https:\/\/eddm.es\/blog-ingenius\/wp-json\/wp\/v2\/media?parent=25663"}],"curies":[{"name":"wp","href":"https:\/\/api.w.org\/{rel}","templated":true}]}}