{"id":25830,"date":"2017-02-21T12:27:52","date_gmt":"2017-02-21T12:27:52","guid":{"rendered":"http:\/\/s440167893.mialojamiento.es\/blog\/?page_id=25830"},"modified":"2019-05-09T15:44:08","modified_gmt":"2019-05-09T15:44:08","slug":"materiales","status":"publish","type":"page","link":"https:\/\/eddm.es\/blog-ingenius\/materiales\/","title":{"rendered":"MATERIALES"},"content":{"rendered":"<p>[et_pb_section fb_built=\u00bb1&#8243; custom_padding_last_edited=\u00bbon|desktop\u00bb admin_label=\u00bbSection\u00bb _builder_version=\u00bb3.22.3&#8243; custom_padding=\u00bb45px|0px|0px|0px\u00bb custom_padding_tablet=\u00bb50px|0|50px|0&#8243; padding_mobile=\u00bboff\u00bb][et_pb_row custom_padding=\u00bb|0px|1px|10%\u00bb column_padding_mobile=\u00bbon\u00bb admin_label=\u00bbRow\u00bb _builder_version=\u00bb3.22.3&#8243; background_size=\u00bbinitial\u00bb background_position=\u00bbtop_left\u00bb background_repeat=\u00bbrepeat\u00bb width=\u00bb100%\u00bb max_width=\u00bb100%\u00bb use_custom_width=\u00bbon\u00bb width_unit=\u00bboff\u00bb custom_width_percent=\u00bb100%\u00bb][et_pb_column type=\u00bb4_4&#8243; _builder_version=\u00bb3.0.47&#8243;][et_pb_text admin_label=\u00bbText\u00bb _builder_version=\u00bb3.0.74&#8243; text_font=\u00bbMontserrat||||\u00bb text_text_color=\u00bb#888888&#8243; text_font_size=\u00bb23px\u00bb text_letter_spacing=\u00bb7px\u00bb header_font=\u00bbMontserrat||||\u00bb background_size=\u00bbinitial\u00bb background_position=\u00bbtop_left\u00bb background_repeat=\u00bbrepeat\u00bb]MATERIALES<br \/>\n[\/et_pb_text][et_pb_divider color=\u00bb#b2b2b2&#8243; divider_weight=\u00bb1px\u00bb disabled_on=\u00bbon|on|off\u00bb admin_label=\u00bbDivider\u00bb _builder_version=\u00bb3.22.7&#8243; max_width=\u00bb65%\u00bb][\/et_pb_divider][\/et_pb_column][\/et_pb_row][\/et_pb_section][et_pb_section fb_built=\u00bb1&#8243; specialty=\u00bbon\u00bb custom_padding_last_edited=\u00bbon|desktop\u00bb parallax_method_1=\u00bboff\u00bb parallax_method_2=\u00bboff\u00bb admin_label=\u00bbSection\u00bb _builder_version=\u00bb3.22.3&#8243; inner_width=\u00bb73%\u00bb inner_max_width=\u00bb73%\u00bb custom_padding_tablet=\u00bb50px|0|50px|0&#8243; padding_mobile=\u00bboff\u00bb use_custom_width=\u00bbon\u00bb width_unit=\u00bboff\u00bb custom_width_percent=\u00bb73%\u00bb][et_pb_column type=\u00bb3_4&#8243; specialty_columns=\u00bb3&#8243; _builder_version=\u00bb3.0.47&#8243; parallax__hover=\u00bboff\u00bb parallax_method__hover=\u00bboff\u00bb][et_pb_row_inner padding_mobile=\u00bboff\u00bb use_custom_gutter=\u00bbon\u00bb gutter_width=\u00bb2&#8243; column_padding_mobile=\u00bboff\u00bb admin_label=\u00bbRow\u00bb _builder_version=\u00bb3.0.47&#8243;][et_pb_column_inner type=\u00bb4_4&#8243; saved_specialty_column_type=\u00bb3_4&#8243; _builder_version=\u00bb3.0.47&#8243; column_padding_mobile__hover=\u00bboff\u00bb parallax__hover=\u00bboff\u00bb parallax_method__hover=\u00bbon\u00bb][et_pb_blog fullwidth=\u00bboff\u00bb include_categories=\u00bb6&#8243; meta_date=\u00bb j\/m\/Y\u00bb show_author=\u00bboff\u00bb admin_label=\u00bbBlog Materiales\u00bb _builder_version=\u00bb3.22.7&#8243; header_font=\u00bbMontserrat|||on|\u00bb header_text_color=\u00bb#4f4f4f\u00bb header_font_size=\u00bb16&#8243; header_line_height=\u00bb1.3em\u00bb body_font=\u00bbOpen Sans||||\u00bb meta_font=\u00bbOpen Sans||||\u00bb meta_font_size=\u00bb13&#8243; border_width_all=\u00bb0px\u00bb border_color_all=\u00bb#d9d9d9&#8243; border_style_all=\u00bbsolid\u00bb border_width_all_fullwidth=\u00bb1px\u00bb border_color_all_fullwidth=\u00bb#d9d9d9&#8243; border_style_all_fullwidth=\u00bbsolid\u00bb use_border_color=\u00bbon\u00bb border_color=\u00bb#d9d9d9&#8243; border_width_bottom=\u00bb1px\u00bb][\/et_pb_blog][\/et_pb_column_inner][\/et_pb_row_inner][et_pb_row_inner padding_mobile=\u00bboff\u00bb column_padding_mobile=\u00bboff\u00bb admin_label=\u00bbRow\u00bb _builder_version=\u00bb3.0.47&#8243;][et_pb_column_inner type=\u00bb4_4&#8243; saved_specialty_column_type=\u00bb3_4&#8243; _builder_version=\u00bb3.0.47&#8243; column_padding_mobile__hover=\u00bboff\u00bb parallax__hover=\u00bboff\u00bb parallax_method__hover=\u00bbon\u00bb][et_pb_post_nav in_same_term=\u00bbon\u00bb admin_label=\u00bbPost Navigation\u00bb _builder_version=\u00bb3.0.74&#8243; title_text_color=\u00bb#e02b20&#8243;][\/et_pb_post_nav][\/et_pb_column_inner][\/et_pb_row_inner][\/et_pb_column][et_pb_column type=\u00bb1_4&#8243; _builder_version=\u00bb3.0.47&#8243; parallax__hover=\u00bboff\u00bb parallax_method__hover=\u00bboff\u00bb][et_pb_sidebar orientation=\u00bbright\u00bb area=\u00bbsidebar-1&#8243; show_border=\u00bboff\u00bb admin_label=\u00bbSidebar\u00bb _builder_version=\u00bb3.0.74&#8243; header_font=\u00bbMontserrat|||on|\u00bb header_font_size=\u00bb14&#8243; remove_border=\u00bbon\u00bb][\/et_pb_sidebar][\/et_pb_column][\/et_pb_section]<\/p>\n","protected":false},"excerpt":{"rendered":"<p>[et_pb_section fb_built=\u00bb1&#8243; custom_padding_last_edited=\u00bbon|desktop\u00bb admin_label=\u00bbSection\u00bb _builder_version=\u00bb3.22.3&#8243; custom_padding=\u00bb45px|0px|0px|0px\u00bb custom_padding_tablet=\u00bb50px|0|50px|0&#8243; padding_mobile=\u00bboff\u00bb][et_pb_row custom_padding=\u00bb|0px|1px|10%\u00bb column_padding_mobile=\u00bbon\u00bb admin_label=\u00bbRow\u00bb _builder_version=\u00bb3.22.3&#8243; background_size=\u00bbinitial\u00bb background_position=\u00bbtop_left\u00bb background_repeat=\u00bbrepeat\u00bb width=\u00bb100%\u00bb max_width=\u00bb100%\u00bb use_custom_width=\u00bbon\u00bb width_unit=\u00bboff\u00bb custom_width_percent=\u00bb100%\u00bb][et_pb_column type=\u00bb4_4&#8243; _builder_version=\u00bb3.0.47&#8243;][et_pb_text admin_label=\u00bbText\u00bb _builder_version=\u00bb3.0.74&#8243; text_font=\u00bbMontserrat||||\u00bb text_text_color=\u00bb#888888&#8243; text_font_size=\u00bb23px\u00bb text_letter_spacing=\u00bb7px\u00bb header_font=\u00bbMontserrat||||\u00bb background_size=\u00bbinitial\u00bb background_position=\u00bbtop_left\u00bb background_repeat=\u00bbrepeat\u00bb]MATERIALES [\/et_pb_text][et_pb_divider color=\u00bb#b2b2b2&#8243; divider_weight=\u00bb1px\u00bb disabled_on=\u00bbon|on|off\u00bb admin_label=\u00bbDivider\u00bb _builder_version=\u00bb3.22.7&#8243; max_width=\u00bb65%\u00bb][\/et_pb_divider][\/et_pb_column][\/et_pb_row][\/et_pb_section][et_pb_section fb_built=\u00bb1&#8243; specialty=\u00bbon\u00bb custom_padding_last_edited=\u00bbon|desktop\u00bb parallax_method_1=\u00bboff\u00bb parallax_method_2=\u00bboff\u00bb admin_label=\u00bbSection\u00bb _builder_version=\u00bb3.22.3&#8243; inner_width=\u00bb73%\u00bb inner_max_width=\u00bb73%\u00bb custom_padding_tablet=\u00bb50px|0|50px|0&#8243; padding_mobile=\u00bboff\u00bb use_custom_width=\u00bbon\u00bb width_unit=\u00bboff\u00bb custom_width_percent=\u00bb73%\u00bb][et_pb_column type=\u00bb3_4&#8243; specialty_columns=\u00bb3&#8243; [&hellip;]<\/p>\n","protected":false},"author":1,"featured_media":0,"parent":0,"menu_order":0,"comment_status":"closed","ping_status":"closed","template":"","meta":{"_et_pb_use_builder":"on","_et_pb_old_content":"","_et_gb_content_width":""},"yoast_head":"<!-- This site is optimized with the Yoast SEO plugin v18.0 - https:\/\/yoast.com\/wordpress\/plugins\/seo\/ -->\n<title>MATERIALES - BLOG INGENIUS by EDDM Training &amp; Solutions<\/title>\n<meta name=\"description\" content=\"Publicaciones en la categor\u00eda de materiales empleados en ingenier\u00eda mec\u00e1nica y aeroespacial, impresi\u00f3n 3D y fabricaci\u00f3n aditiva.\" \/>\n<meta name=\"robots\" content=\"index, follow, max-snippet:-1, max-image-preview:large, max-video-preview:-1\" \/>\n<link rel=\"canonical\" href=\"https:\/\/eddm.es\/blog-ingenius\/materiales\/\" \/>\n<meta property=\"og:locale\" content=\"es_ES\" \/>\n<meta property=\"og:type\" content=\"article\" \/>\n<meta property=\"og:title\" content=\"MATERIALES - BLOG INGENIUS by EDDM Training &amp; Solutions\" \/>\n<meta property=\"og:description\" content=\"Publicaciones en la categor\u00eda de materiales empleados en ingenier\u00eda mec\u00e1nica y aeroespacial, impresi\u00f3n 3D y fabricaci\u00f3n aditiva.\" \/>\n<meta property=\"og:url\" content=\"https:\/\/eddm.es\/blog-ingenius\/materiales\/\" \/>\n<meta property=\"og:site_name\" content=\"Blog Ingenius\" \/>\n<meta property=\"article:publisher\" content=\"https:\/\/www.facebook.com\/Blog-Ingenius-642628265932015\/\" \/>\n<meta property=\"article:modified_time\" content=\"2019-05-09T15:44:08+00:00\" \/>\n<meta name=\"twitter:card\" content=\"summary_large_image\" \/>\n<meta name=\"twitter:site\" content=\"@EDDMTraining\" \/>\n<meta name=\"twitter:label1\" content=\"Tiempo de lectura\" \/>\n\t<meta name=\"twitter:data1\" content=\"2 minutos\" \/>\n<script type=\"application\/ld+json\" class=\"yoast-schema-graph\">{\"@context\":\"https:\/\/schema.org\",\"@graph\":[{\"@type\":\"WebSite\",\"@id\":\"https:\/\/eddm.es\/blog-ingenius\/#website\",\"url\":\"https:\/\/eddm.es\/blog-ingenius\/\",\"name\":\"Blog Ingenius\",\"description\":\"Blog para entusiastas de las nuevas tecnolog\u00edas en impresi\u00f3n 3D, fabricaci\u00f3n aditiva e ingenier\u00eda\",\"potentialAction\":[{\"@type\":\"SearchAction\",\"target\":{\"@type\":\"EntryPoint\",\"urlTemplate\":\"https:\/\/eddm.es\/blog-ingenius\/?s={search_term_string}\"},\"query-input\":\"required name=search_term_string\"}],\"inLanguage\":\"es\"},{\"@type\":\"WebPage\",\"@id\":\"https:\/\/eddm.es\/blog-ingenius\/materiales\/#webpage\",\"url\":\"https:\/\/eddm.es\/blog-ingenius\/materiales\/\",\"name\":\"MATERIALES - BLOG INGENIUS by EDDM Training & Solutions\",\"isPartOf\":{\"@id\":\"https:\/\/eddm.es\/blog-ingenius\/#website\"},\"datePublished\":\"2017-02-21T12:27:52+00:00\",\"dateModified\":\"2019-05-09T15:44:08+00:00\",\"description\":\"Publicaciones en la categor\u00eda de materiales empleados en ingenier\u00eda mec\u00e1nica y aeroespacial, impresi\u00f3n 3D y fabricaci\u00f3n aditiva.\",\"breadcrumb\":{\"@id\":\"https:\/\/eddm.es\/blog-ingenius\/materiales\/#breadcrumb\"},\"inLanguage\":\"es\",\"potentialAction\":[{\"@type\":\"ReadAction\",\"target\":[\"https:\/\/eddm.es\/blog-ingenius\/materiales\/\"]}]},{\"@type\":\"BreadcrumbList\",\"@id\":\"https:\/\/eddm.es\/blog-ingenius\/materiales\/#breadcrumb\",\"itemListElement\":[{\"@type\":\"ListItem\",\"position\":1,\"name\":\"Portada\",\"item\":\"https:\/\/eddm.es\/blog-ingenius\/\"},{\"@type\":\"ListItem\",\"position\":2,\"name\":\"MATERIALES\"}]}]}<\/script>\n<!-- \/ Yoast SEO plugin. -->","yoast_head_json":{"title":"MATERIALES - BLOG INGENIUS by EDDM Training & Solutions","description":"Publicaciones en la categor\u00eda de materiales empleados en ingenier\u00eda mec\u00e1nica y aeroespacial, impresi\u00f3n 3D y fabricaci\u00f3n aditiva.","robots":{"index":"index","follow":"follow","max-snippet":"max-snippet:-1","max-image-preview":"max-image-preview:large","max-video-preview":"max-video-preview:-1"},"canonical":"https:\/\/eddm.es\/blog-ingenius\/materiales\/","og_locale":"es_ES","og_type":"article","og_title":"MATERIALES - BLOG INGENIUS by EDDM Training & Solutions","og_description":"Publicaciones en la categor\u00eda de materiales empleados en ingenier\u00eda mec\u00e1nica y aeroespacial, impresi\u00f3n 3D y fabricaci\u00f3n aditiva.","og_url":"https:\/\/eddm.es\/blog-ingenius\/materiales\/","og_site_name":"Blog Ingenius","article_publisher":"https:\/\/www.facebook.com\/Blog-Ingenius-642628265932015\/","article_modified_time":"2019-05-09T15:44:08+00:00","twitter_card":"summary_large_image","twitter_site":"@EDDMTraining","twitter_misc":{"Tiempo de lectura":"2 minutos"},"schema":{"@context":"https:\/\/schema.org","@graph":[{"@type":"WebSite","@id":"https:\/\/eddm.es\/blog-ingenius\/#website","url":"https:\/\/eddm.es\/blog-ingenius\/","name":"Blog Ingenius","description":"Blog para entusiastas de las nuevas tecnolog\u00edas en impresi\u00f3n 3D, fabricaci\u00f3n aditiva e ingenier\u00eda","potentialAction":[{"@type":"SearchAction","target":{"@type":"EntryPoint","urlTemplate":"https:\/\/eddm.es\/blog-ingenius\/?s={search_term_string}"},"query-input":"required name=search_term_string"}],"inLanguage":"es"},{"@type":"WebPage","@id":"https:\/\/eddm.es\/blog-ingenius\/materiales\/#webpage","url":"https:\/\/eddm.es\/blog-ingenius\/materiales\/","name":"MATERIALES - BLOG INGENIUS by EDDM Training & Solutions","isPartOf":{"@id":"https:\/\/eddm.es\/blog-ingenius\/#website"},"datePublished":"2017-02-21T12:27:52+00:00","dateModified":"2019-05-09T15:44:08+00:00","description":"Publicaciones en la categor\u00eda de materiales empleados en ingenier\u00eda mec\u00e1nica y aeroespacial, impresi\u00f3n 3D y fabricaci\u00f3n aditiva.","breadcrumb":{"@id":"https:\/\/eddm.es\/blog-ingenius\/materiales\/#breadcrumb"},"inLanguage":"es","potentialAction":[{"@type":"ReadAction","target":["https:\/\/eddm.es\/blog-ingenius\/materiales\/"]}]},{"@type":"BreadcrumbList","@id":"https:\/\/eddm.es\/blog-ingenius\/materiales\/#breadcrumb","itemListElement":[{"@type":"ListItem","position":1,"name":"Portada","item":"https:\/\/eddm.es\/blog-ingenius\/"},{"@type":"ListItem","position":2,"name":"MATERIALES"}]}]}},"_links":{"self":[{"href":"https:\/\/eddm.es\/blog-ingenius\/wp-json\/wp\/v2\/pages\/25830"}],"collection":[{"href":"https:\/\/eddm.es\/blog-ingenius\/wp-json\/wp\/v2\/pages"}],"about":[{"href":"https:\/\/eddm.es\/blog-ingenius\/wp-json\/wp\/v2\/types\/page"}],"author":[{"embeddable":true,"href":"https:\/\/eddm.es\/blog-ingenius\/wp-json\/wp\/v2\/users\/1"}],"replies":[{"embeddable":true,"href":"https:\/\/eddm.es\/blog-ingenius\/wp-json\/wp\/v2\/comments?post=25830"}],"version-history":[{"count":4,"href":"https:\/\/eddm.es\/blog-ingenius\/wp-json\/wp\/v2\/pages\/25830\/revisions"}],"predecessor-version":[{"id":27870,"href":"https:\/\/eddm.es\/blog-ingenius\/wp-json\/wp\/v2\/pages\/25830\/revisions\/27870"}],"wp:attachment":[{"href":"https:\/\/eddm.es\/blog-ingenius\/wp-json\/wp\/v2\/media?parent=25830"}],"curies":[{"name":"wp","href":"https:\/\/api.w.org\/{rel}","templated":true}]}}